+ 6 - w - 8. Let g be r(-7). Calculate the greatest common divisor of 8 and g.
8
Suppose 4*l - 5*n + 4 = 0, -3*l = -0*l + 5*n - 32. Let f be (l/12)/(5/210). Calculate the highest common factor of f and 63.
7
Suppose -2*o + 368 - 354 = 0. What is the greatest common divisor of o and 1960?
7
Let v(l) = -3*l. Suppose 3*d + 5 = -7. Let z be v(d). Let k(r) = 9*r**2 - 7*r - 4. Let a be k(2). Calculate the highest common factor of a and z.
6
Let n = -157 - -355. Let a = 73 + -55. Calculate the greatest common divisor of a and n.
18
Let d(l) = 22*l. Let k = -38 + 46. Let b be d(k). What is the highest common factor of 22 and b?
22
Suppose 5*w - 1268 = -273. Suppose w = -3*z - 221. Let u = -68 - z. Calculate the greatest common factor of 18 and u.
18
Let k(m) = 2*m**3 - m**2 + 9*m - 18. Let y be k(4). Calculate the highest common factor of 234 and y.
26
Let i = -32 + 40. Suppose i + 32 = 4*b. Suppose 2*m - 30 = -4*g - 0, 0 = 2*m - 10. What is the greatest common divisor of g and b?
5
Let a(h) = -15*h + 72. Let m be a(4). What is the highest common factor of 102 and m?
6
Let h be (-132)/(-13) + (-9)/((-234)/(-4)). Let z be 12*(95/h - 4). Let c be (5 + 1)/((-1)/(-1)). Calculate the highest common factor of z and c.
6
Suppose 17*p - 5*z + 79 = 21*p, 4*p - 55 = 3*z. Suppose -2*u + u = -128. What is the highest common factor of p and u?
16
Suppose -o - 2*b + 80 = 0, -7*o + 5*o + 2*b + 136 = 0. Calculate the greatest common factor of o and 9.
9
Let k be 1/((5 + -2)/192). What is the greatest common factor of k and 40?
8
Let g(o) = o**3 - 4*o**2 + 10*o - 13. Let j be g(3). What is the greatest common factor of 856 and j?
8
Suppose -64 = -8*o + 6*o + 2*c, 3*o + 5*c = 80. What is the greatest common factor of 80 and o?
10
Let a = -15 + 28. Suppose -6*t = 958 - 1192. Calculate the highest common divisor of a and t.
13
Let x be 18 - 13 - 2/2. Suppose -x*n = 12, -2*n = -2*w - w + 33. What is the greatest common factor of w and 6?
3
Suppose -5*i = u + 9, -i = 2*u + i + 2. Let l be -3 - ((-3)/u + -133 + 7). What is the highest common divisor of 14 and l?
14
Suppose 50*h = 55*h - 65. What is the highest common divisor of h and 5?
1
Let h be 4/30 - 148/(-15). What is the highest common factor of 105 and h?
5
Suppose 51*d - 54*d = -48. Suppose -4*r = -d, g - 40 = -r - 4*r. What is the greatest common factor of g and 50?
10
Let t = -2371 - -2638. What is the highest common divisor of t and 3?
3
Let a(p) = -6*p**2 + 54*p + 12. Let z be a(9). What is the greatest common divisor of 12 and z?
12
Let d = -407 - -836. Calculate the highest common factor of 39 and d.
39
Let o be 112/8*20/14. Let q = -44 - -29. Let l be ((-50)/q)/((-2)/(-6)). Calculate the greatest common factor of o and l.
10
Let g = 36 - 39. Let f = 20 - g. Calculate the greatest common factor of 253 and f.
23
Let z be (33/22)/(35/(-10) + 4). Calculate the highest common divisor of z and 75.
3
Let p = 110 - 108. Suppose -4*c = -2*c - 4*z - 56, 0 = p*c - 3*z - 60. What is the highest common divisor of c and 9?
9
Let j be 2/3*(2 - -28). Let s(r) be the second derivative of -r**3/6 + 3*r**2/2 + r. Let g be s(-7). Calculate the highest common divisor of j and g.
10
Suppose 6 = -p - 4*d, -2*p - 4*d + 1 = -9*d. Let l be (-16)/(-8)*((-5)/p)/5. Calculate the greatest common factor of l and 8.
1
Let h be 5/(-25) + (-58)/10. Let k be (h/(-2) - -5) + -3. Let n be (-528)/(-55) + 2/k. What is the highest common divisor of n and 20?
10
Suppose 2*u - 28 = -3*u + 3*r, -4*u + 5*r + 25 = 0. Suppose -4*p - 4*s = -40, u*p - s = 1 + 25. What is the greatest common factor of 48 and p?
6
Let y(d) = 5*d**2 - 11*d + 61. Let n be y(6). What is the greatest common divisor of 28 and n?
7
Let k = 80 + 85. Calculate the greatest common factor of 30 and k.
15
Let t = -875 - -969. What is the greatest common factor of t and 2?
2
Let n = -385 + 1753. What is the highest common factor of 72 and n?
72
Let w = 45 - -27. Suppose -3*s + w = -45. Calculate the greatest common factor of 65 and s.
13
Let k(g) = -g**3 + 13*g**2 + 15*g - 12. Let q be k(14). Let t be -2*5/(40/(-8)). What is the greatest common divisor of t and q?
2
Suppose 0 = -3*h + 3*p + 1596, 0 = -3*h + 6*h - 2*p - 1591. Calculate the greatest common factor of h and 17.
17
Let h = -53 + 58. Suppose -2*q = -h*q + 30. Suppose 550 = 6*c - c. What is the greatest common factor of c and q?
10
Suppose -576 = -13*x - 35*x. What is the greatest common factor of x and 540?
12
Suppose -2*r = 0, x - 6*r - 52 = -4*r. What is the highest common factor of x and 4316?
52
Suppose v = c + 20, -c - c + 35 = 3*v. Let w be 37*(9 - 8) + 8. What is the greatest common divisor of w and v?
15
Let q be 15/(((-21)/2)/(-7)). Suppose -5 - 555 = -8*x. Calculate the greatest common factor of q and x.
10
Suppose 3*g + r + 221 = 0, -5*r + 250 = -3*g + 59. Let w be (6/27*6)/((-16)/g). What is the greatest common factor of w and 6?
6
Suppose 0 = -2*j + j + 18. Let f = 2 - j. Let w be 20/(-1)*8/f. Calculate the highest common factor of 70 and w.
10
Let v be (-10)/2 - (14 - 24). Calculate the greatest common divisor of v and 30.
5
Let g = 10 - 9. Let z(w) = 4*w**2. Let c be z(g). Suppose j = -c*j + 25. Calculate the greatest common divisor of j and 45.
5
Let u be ((-60)/(-8) - -4)*-2. Let z be (22 + u)/((-2)/56). Let k = -6 - -90. Calculate the greatest common divisor of z and k.
28
Let u be (1 - -499) + 12/2. What is the highest common divisor of 46 and u?
46
Suppose 3*l = 9*n - 12*n + 180, 8 = 2*n. Suppose r - 127 + 20 = 0. Suppose -4*m - d = -r, 4 = -d - 1. Calculate the highest common factor of m and l.
28
Suppose 2*t - c + 6 = -3, 0 = 3*t - 5*c + 17. Let q(i) = -i**2 - 3*i + 5. Let a be q(t). What is the greatest common divisor of 11 and a?
1
Let y = 7 - -4. Suppose y*g - 4 = 9*g. Calculate the greatest common divisor of g and 16.
2
Let q(y) = y + 16. Let w be q(-13). Suppose p + 2*p = 9. Suppose -p*f + 6 = -2*f. What is the greatest common factor of w and f?
3
Let j(u) = 10 - 21*u + 26 - 4 - 4. Let l be j(-19). Calculate the greatest common factor of l and 61.
61
Suppose 0 = -4*b - 4*r - 12, -2*b - 9 - 2 = 3*r. Let q(d) = d - 1. Let x be q(5). Let k be 10/x*80/25. Calculate the greatest common divisor of b and k.
2
Suppose -4*h - 12 = -8*h. Suppose 4*i = -h + 15. Suppose i*y = -y + x + 593, -25 = 5*x. Calculate the highest common divisor of 21 and y.
21
Suppose 3*i + 69 = 4*q, -i - i = 6. Let z(f) = -6*f**2 + f + 4. Let n be z(5). Let p = -96 - n. What is the greatest common factor of p and q?
15
Let b(c) = c**3 - 6*c**2 + 3*c + 7. Let j be b(5). Let l be (3 - 0/2)*-1. Let d be l + j + (70 - -2). What is the greatest common factor of 6 and d?
6
Let a(v) = v**2 - 2*v - 20. Let l be a(0). Let t = -12 - l. What is the greatest common factor of 88 and t?
8
Let h be 36/(-126) - (-1 - (-33)/7). Let k = h + 8. What is the greatest common factor of 36 and k?
4
Suppose 5*m - 4*t = 36, -4*t - 4 = 4*m + t. Let k be (32/12)/m + (-1)/(-3). Calculate the highest common factor of k and 3.
1
Suppose 0*r + 8 = 4*r. Suppose -c - 29 = -r*c. Suppose 4*b - 15 = c. Calculate the greatest common divisor of 33 and b.
11
Let l = -6 + 20. Let r be (18/9)/(4/(-14)). Let a be ((-1568)/(-64))/(2 + r/4). What is the highest common divisor of l and a?
14
Let c = 44 - 29. Let a = -22 + 32. Let p be 3/(-30) - (-31)/a. What is the highest common divisor of c and p?
3
Let l(o) = -7*o + 36. Let i(z) = 14*z - 73. Let p(s) = -6*i(s) - 13*l(s). Let u be p(9). What is the greatest common divisor of 33 and u?
33
Let m = -15 - -92. Suppose -27 = 2*k - 3*k. Suppose 0*v - v + m = -5*j, -5*j = v - k. What is the highest common factor of 13 and v?
13
Suppose 3*s - 5*d - 9 = 0, 2*s + 4*d - 15 = -3*s. Suppose 3*n - q = s*q + 5, 0 = -4*n - q + 13. Calculate the greatest common divisor of 21 and n.
3
Let z = 94 + -56. Calculate the greatest common divisor of 114 and z.
38
Let v be -6*(-2)/6*1. Suppose 0 = 4*i - v*l - 18, -3*i + 16 = 3*l - 4*l. Calculate the highest common factor of i and 28.
7
Let v be (-7 - (-11 - 3)) + 9. Calculate the greatest common factor of v and 40.
8
Let d be ((-1500)/15)/((-35)/10 - -3). What is the greatest common factor of 24 and d?
8
Let r be (-2*(3 + -436 - 1))/2. What is the greatest common factor of 186 and r?
62
Suppose -57